5/120 - 2*k**3 + 5. Let u(s) be the third derivative of l(s). Determine u(-1).
11
Let h(c) = 40*c**2 + 1 - 41*c**2 + 1. Determine h(-3).
-7
Let p = -14 - -20. Let f(l) = -l**2 + 2 + 0*l + 4*l - p. Let n be (6/(-1))/(2 - 4). What is f(n)?
-1
Suppose -b = 2 - 5. Let k be -1 + b/(12/(-8)). Let c(j) = -2*j - 1. Calculate c(k).
5
Let a(i) = 3*i - 33. Let p be a(11). Let q(f) = -5 - f - 2 + 0*f. Give q(p).
-7
Let d(v) = v**3 - 7*v**2 - v + 3. Let a be d(7). Let q(f) = -f. What is q(a)?
4
Let h(c) be the third derivative of c**4/3 + c**3/6 + 3*c**2. What is h(-1)?
-7
Let s(p) = -p**2 - 6*p + 3. Let o(g) = -g**2 - 6*g + 11. Let d be o(-8). Calculate s(d).
8
Suppose -6*j = -2*j + 4. Let t(r) = -8*r - 5. Suppose 2*p - 22 = -3*l, 2*p + 1 - 11 = 0. Let b(x) = 7*x + 4. Let k(n) = l*b(n) + 3*t(n). Give k(j).
-3
Let b be (-3)/(-9) - (-5)/3. Let y = 36 - 24. Suppose -3*x + y = 3*n, 0 = -b*x + 6*x + 3*n - 11. Let h(m) = -m**3 + m**2. Determine h(x).
2
Let a = -2 - 0. Let v be (1/(-3))/(a/12). Let g(f) = 5*f**2 - f + 1. Let k(w) = -w**2. Let o(z) = -g(z) - 4*k(z). Determine o(v).
-3
Let g(n) = n**2 - 4*n + 6. Suppose 12 = -12*d + 9*d. Let c = -4 - d. Suppose c = 5*i - 2 - 18. Give g(i).
6
Let o(d) = d**2 + 3*d - 3. Let u be -2*2/10*(-60)/(-8). Calculate o(u).
-3
Let a(v) = -v + 7. Let j(p) = 1. Let t(b) = -a(b) + 3*j(b). Give t(5).
1
Let n(h) = -2*h**2 - h. Let m(a) = 13*a**2 + 10*a. Let f(r) = m(r) + 6*n(r). Calculate f(-5).
5
Let u(k) be the first derivative of k**4/4 - k**3 + k**2/2 + 3. Suppose -3*o + 4 + 2 = 0. Determine u(o).
-2
Let r(x) be the first derivative of 2/3*x**3 + 1/2*x**2 - 4 - 4*x - 1/4*x**4. Let a(d) = d**2 + 6*d + 3. Let n be a(-6). What is r(n)?
-10
Suppose 0 = 3*z - c + 25 - 7, -4*z - 3*c - 24 = 0. Let a(x) = -3*x - 7. Determine a(z).
11
Let s(f) be the second derivative of f**4/12 - f**3 + 3*f**2 - 14*f. Let w = 4 + 0. Give s(w).
-2
Let z(x) = x**3 + 7*x**2 + x + 9. Suppose -4*q - 24 - 4 = 0. Determine z(q).
2
Let j(b) be the third derivative of b**8/20160 - b**7/1680 - 7*b**6/720 - 2*b**5/15 + 4*b**2. Let g(r) be the third derivative of j(r). Give g(5).
3
Let v(q) = -14. Let u(y) = -5. Let x(k) = -11*u(k) + 4*v(k). Let c(w) = -w + 8. Let l(f) = -c(f) - 6*x(f). Calculate l(1).
-1
Let p(j) = -3*j - j - 1 - 3*j - 4*j. Calculate p(-1).
10
Let s = -1 + 2. Let d be (11 - s - 0) + 3. Let b(a) = -d - 6*a + 13. What is b(-1)?
6
Let b(m) = -m**3 - 4*m**2 - m - 4. Let l = 2 + -6. Determine b(l).
0
Let q(n) = 4*n - n + 7 - n. Calculate q(-5).
-3
Let y(f) = 2*f - 11. Let u be y(9). Let d(o) = -o**2 + 5*o + 8. Determine d(u).
-6
Let v(y) be the second derivative of y**8/6720 - y**5/40 + y**4/12 - 2*y. Let h(a) be the third derivative of v(a). Let n = 0 - 0. Calculate h(n).
-3
Let s(a) be the second derivative of -a**5/20 - 7*a**4/12 - 7*a**3/6 - a**2/2 - 9*a. Give s(-5).
-16
Let v = 1 + -1. Let o = v + 0. Let t(s) = -8 - 7*s + s**2 + 2*s + 3*s + 3*s. What is t(o)?
-8
Let m be 6 + -7 - (2 + -12). Let u(p) = p - 11. Let t(i) = 5. Let g(v) = m*t(v) + 4*u(v). Calculate g(-1).
-3
Let w(o) = -o**3 + 3*o**2 + 5*o - 4. Suppose 2*b = 4 + 4. Give w(b).
0
Let l(n) = -n**2 - 11*n - 7. Let d be l(-10). Let m(y) = -d - 2*y + 4 + y + 2. Give m(5).
-2
Let a(u) = u**3 - 6*u**2 + u. Let i(d) = -d - 2. Let l be i(-8). Give a(l).
6
Let h(i) = 13*i + 3. Let g(c) = 6*c + 1. Let o(r) = 5*g(r) - 2*h(r). What is o(1)?
3
Let q(h) = -h - 2. Let g = 43 - 49. What is q(g)?
4
Let u(z) be the first derivative of -1/4*z**4 + 0*z - 9 - 2/3*z**3 - 3/2*z**2. Suppose 4*k + 6 = k, 0 = -m + 3*k + 4. Calculate u(m).
6
Suppose -2*z + 3*y - 16 = 12, -20 = z - 3*y. Let i = 13 + z. Let s(r) be the first derivative of r**4/4 - 5*r**3/3 - 7*r - 1. Calculate s(i).
-7
Let o(g) be the second derivative of -g**5/20 - 3*g**4/4 + g**3/3 + 7*g**2/2 - 25*g - 1. What is o(-9)?
-11
Let u(f) = 8*f**2 - 1. Suppose -4*s - 4*c = 0, 7*s + c - 3 = 3*s. Calculate u(s).
7
Let c(o) = o**2 + 4*o + 1. Suppose 4*t + 1 = 9. Suppose -2*y - 20 = t*y. Give c(y).
6
Let j(y) be the second derivative of -3*y**5/5 - y**4/12 + y**2/2 - 22*y. What is j(-1)?
12
Let s(i) = i**3 + 5*i**2 - 5*i + 5. Suppose 19*j + 48 = 25*j. Let m = -12 + -2. Let n = j + m. Give s(n).
-1
Let q(r) = -r**3 + 6*r**2. Suppose -5*i = 3*n - 24 + 5, -3*n + 11 = i. What is q(n)?
27
Suppose s - k = 5*s - 14, 3*k = 5*s - 26. Let x be (1/2)/(-1)*-4. Let m(v) = -2 - 4*v + 5*v + 4*v - v**x. Determine m(s).
2
Let q(y) = -2 - 3 - 30*y**2 + y**3 + 31*y**2 - 4*y + 3*y. What is q(0)?
-5
Let f(b) = b**3 + 3*b**2 - 6*b - 2. Suppose -4*v + 4 = -3*a, -2*a = 4*v + v + 18. What is f(a)?
6
Let c be (-5 - -9)*(-4 + (-36)/(-8)). Let u(s) be the third derivative of -s**5/60 + s**4/24 + s**3/6 - s**2. Determine u(c).
-1
Let k = 23 + -23. Let z(d) = 5 - d + 0 - 2*d + 2*d. Give z(k).
5
Let i(j) = 0*j**2 + j**2 - 5*j - 3*j**2 - 6 + j**2. Calculate i(-5).
-6
Suppose 3*m = m + 6. Let o(v) = -2*v**2 - 3*v - 4. Let t(u) = -5*u**2 - 6*u - 9. Let g(y) = -7*o(y) + 3*t(y). Give g(m).
1
Let r(d) be the first derivative of d**4/4 - 2*d**3 + d**2/2 + d - 30. What is r(6)?
7
Let u(q) = 6*q - 4. Let x be (-14 - -10)/(1 - 3). Suppose -x*v = v - 9. Determine u(v).
14
Let b(y) = y**2 - 7*y + 3. Let j(x) = -2*x + 26. Let w be j(11). Give b(w).
-9
Let l(o) be the second derivative of -5*o + 0 + 6*o**2 - 1/6*o**3. Determine l(0).
12
Let v(w) = 4*w - 5. Let t(p) = p**3 - 9*p**2 + 12*p + 2. Let c be t(7). Let y = c - -16. Determine v(y).
11
Let y(u) = -u**2 - 4*u + 5. Let c = -26 + 21. What is y(c)?
0
Let q(x) = 2 - 3*x - 11 + 4*x. Determine q(0).
-9
Let y(h) = 2*h + 1. Suppose -4*l + 0 = 8. Give y(l).
-3
Let k(b) = -b**2 - 5. Let r(c) = -2*c**2 - c - 6. Let l = 7 + -5. Let a(g) = l*r(g) - 3*k(g). What is a(-4)?
-5
Let r(u) = -u**2 + 5*u - 3. Let g = -7 - -9. Let i be ((-8)/(-3))/(g/3). What is r(i)?
1
Let u(d) = -2*d**2 + d. Let l(a) = -a**3 + 6*a**2 - 7*a - 2. Let x be l(5). Let m = 13 + x. Calculate u(m).
-1
Let y(q) = q**2 + 2*q. Suppose -4*o = 3*x - 7 - 16, 0 = o + 2*x - 2. Suppose 3*h + 48 = 7*h. Let u = o - h. Calculate y(u).
8
Let v(x) = 2*x + 2. Let d = 4 + 1. Suppose 10 = d*m - 5*h, m + 3*h + 2*h - 2 = 0. Determine v(m).
6
Let d(g) = -1 + 11*g - 2*g**2 - 10*g + 10*g**3 - 9*g**3 + 3*g**2. Determine d(1).
2
Let a be 5 - (-1 - 1 - (3 + -2)). Let c(g) = -g + 11. Determine c(a).
3
Let o be (9 + -7)*(1 - 0). Let u(b) = -1 + 7*b**2 - 8*b**o + 0*b**2 - b. What is u(-3)?
-7
Let v(f) = -2*f - 2. Let y(l) = 3*l + 2. Let k(r) = -7*v(r) - 5*y(r). Let u be 2/(1/3*1). What is k(u)?
-2
Let o be -4 + -2 + 0/4. Let i(l) = -l**3 - 7*l**2 - 4*l - 3. Give i(o).
-15
Let c(w) = 9*w - 1. Let j be (3 - 2)/(2/4). Suppose -j = -i - i. What is c(i)?
8
Let a(d) be the first derivative of d**3/3 - 3*d**2/2 - 4*d - 1. Suppose 0 = -6*g + 3*g + 15. Determine a(g).
6
Let y(x) = 3*x**2 + 5*x - 3*x**2 - x**2 + 9. Determine y(7).
-5
Suppose -26 = -4*r + 2*l - 0*l, -25 = -3*r - 4*l. Let a = 10 - r. Let m(p) = -a*p - 5 + 3*p - p. What is m(0)?
-5
Let p be -2*(21/(-6) - (-6)/4). Let a(h) = h**3 - 5*h**2 + 4*h + 3. What is a(p)?
3
Let d(r) = -5*r**3 + 2*r**2 + 11*r - 10. Let y(a) = -a**3 + a**2 + a - 1. Let l(v) = d(v) - 6*y(v). Determine l(3).
2
Suppose -9 = -2*u + 3*a, 2*u = u + a + 7. Suppose 2*l - 4*j = -3*l, -u = -2*l + 4*j. Let q(r) = -r**3 - 5*r**2 - 2*r + 5. Give q(l).
-3
Let i(m) = m**2 + m + 11. Let a = 1 - 1. Let r = 0 + a. What is i(r)?
11
Let n be 18/(-4)*(-6)/9. Let f(r) = -2 + 2*r + n*r - 4*r. Determine f(2).
0
Let n be 0*(-4)/(-12) - -1. Let k(v) = 4*v - 1. What is k(n)?
3
Let o(c) = -c**2 - 5*c + 7. Let y be 6/(-3) - 0 - 4. Determine o(y).
1
Let u(m) = 4*m**3 - 4*m**2 - m - 1. Suppose 4*b = b + 15. Let d(t) = -5*t**3 + 4*t**2 + t + 1. Let q(i) = b*d(i) + 6*u(i). Give q(-4).
3
Suppose 4*h = 5*d - 13, 4*h + h + 7 = -3*d. Let o(l) = 2*l - 1. What is o(h)?
-5
Let x be (-4 + 3)*-8 + -3. Let w(r) = -2*r + 5. Calculate w(x).
-5
Suppose -2 = 5*t + 18. Let u(g) = -3*g - 4. Determine u(t).
8
Let b = 2 + -4. Let i = 22 + -19. Let h(v) = i*v - 6*v**2 - 14*v**2 + 22*v**2 + 3. Determine h(b).
5
Suppose 2*h + 3*u = 6, -3*h + 4 = -2*u - 5. Let i(t) = -t**2 - h*t + 6*t + 2*t**2 - 1. What is i(-4)?
3
Let m(k) = -k - 2. Let d be (-6)/(-9) - (-120)/9. Let s = -8 + d. Suppose -o = 2*o + s. Give m(o).
0
Suppose -15 + 3 = 3*m. Le